-2)/(-3))/((-3)/(-18)). Let o = p + -6. Is 8 a factor of k(o)?
False
Let m(a) = -a - 3. Let u be m(-7). Suppose -j - 5*c = -16 + 4, -u*c = j - 17. Let q = 58 - j. Is q a multiple of 7?
True
Suppose -627 = -7*z - 46. Is 12 a factor of z?
False
Let s(y) = -y**3 + 7*y**2 - 7*y. Let p be s(5). Let a = 9 - p. Is 16 a factor of 16/3*(-27)/a?
False
Suppose 2*j - 22 = -2*d, 0*d + 3*d = -j + 19. Let l be (-1)/((7/6)/j). Let b = 21 + l. Is 15 a factor of b?
True
Suppose 2*b = 4*v - 14, -v = b + 4*v - 7. Is (-4)/((-13)/(-5) + b) a multiple of 5?
True
Let h = -3 + 4. Suppose -5*c = -24 - h. Suppose 0 = c*m + 10, -w = 4*w + 2*m - 246. Does 20 divide w?
False
Let w(r) = -r - 10. Let b be w(-10). Suppose 3*t - 12 = -t. Is 13 a factor of 1/(b + t/39)?
True
Is 18 a factor of (-227)/(-4) + 69/(-92)?
False
Is 13 a factor of 3 + (3 - (-129 + 0))?
False
Suppose -3*c = 3*h + 12, -c - 2*h + 24 = -3*c. Let j(a) = -a + 1. Let w be j(c). Suppose w = -4*l + 41. Is l a multiple of 5?
False
Let i = -5 + 14. Is i a multiple of 3?
True
Does 6 divide (-3)/(5/(380/(-6)))?
False
Is 29 a factor of (3 - 12)/(3/(-36))?
False
Let h(i) be the second derivative of -i**5/20 - 7*i**4/12 - 3*i**3/2 + 5*i. Is h(-7) a multiple of 31?
False
Let n(g) = -6*g + 1 - 2*g - 7*g. Let x be n(-2). Suppose -2*z + 3*k = -4*z + x, 45 = 3*z + 5*k. Does 8 divide z?
False
Suppose 136 = 3*c + b - 5*b, -5*c = 2*b - 218. Does 3 divide c?
False
Suppose j - 3*w + 17 = 2*j, 4*j - 8 = 3*w. Suppose 21 = 5*v + 2*q - 149, -180 = -j*v - 4*q. Does 11 divide v?
False
Let g be 7*9/3*1. Let a = g - 12. Is 9 a factor of a?
True
Suppose -2 = 2*a - 8. Suppose -a*h + 82 = -14. Is 16 a factor of h?
True
Let s(c) = -c**2 - 13*c - 16. Does 2 divide s(-11)?
True
Let s(i) = 5*i**2 + i + 2. Is s(-4) a multiple of 21?
False
Let b(r) = -r**3 - 12*r**2 - 10*r + 15. Let d be b(-11). Suppose d*h - 3*k - 100 = -30, -2*h - 4*k = -24. Is h a multiple of 8?
True
Let w(x) = x**3 + 6*x**2 + 6*x + 5. Let a be w(-5). Let s be ((a - 1) + -4)/(-1). Suppose 3*c - 45 = -c - 5*r, -s*r - 15 = -2*c. Is c a multiple of 5?
True
Let x(r) = -20*r - 9. Is x(-2) a multiple of 9?
False
Suppose -r - 3*n + 170 = -5*n, 3*n - 735 = -4*r. Let s = -97 + r. Let p = s - 51. Is p a multiple of 11?
False
Let b(w) = 8*w**2 + 4*w. Does 16 divide b(-4)?
True
Let c(n) = 3*n**2 - 6*n - 1. Is c(-7) a multiple of 47?
True
Suppose 0 = 3*d - 2*r - 17 - 177, 3*r + 325 = 5*d. Does 17 divide d?
True
Let l = 31 - 22. Is 4 a factor of l?
False
Let m(a) = 2*a - 2. Let n be m(2). Suppose n - 19 = -j. Is j a multiple of 17?
True
Suppose 5*k - 75 = -m, -m = 2*k - 6*k + 51. Is 2 a factor of k?
True
Let y be 2 + 1 + (-3)/(-3). Let m = y + -4. Suppose -h + 2*o = -m*o - 2, -4*h = o - 44. Is 5 a factor of h?
True
Let x = 181 - 101. Let g be x/(-12)*(-18)/4. Suppose 0*q + q = g. Is 12 a factor of q?
False
Suppose 0*o = 2*o + s + 130, 181 = -3*o + 2*s. Let c = o + 107. Is c a multiple of 11?
True
Suppose -2*n + 13 + 7 = 0. Suppose -v + 2*p = -15, n + 10 = 3*v - p. Suppose -3*w = v*j - 53, -w - 9 = -4*j + 3*j. Is j a multiple of 6?
False
Suppose -5*j - 25 = 0, 184 = 5*g - 5*j + 4. Is 6 a factor of g?
False
Let j(y) = 2*y**3 - 2*y**2 - y + 1. Does 7 divide j(3)?
False
Suppose 5 = -0*p + p. Suppose -p*y + 0*y = -240. Does 24 divide y?
True
Suppose 0 = 3*r - 2*r - 89. Suppose 4*s + 5*n - 40 - 72 = 0, 0 = 3*s + 5*n - r. Does 11 divide s?
False
Let o(w) be the second derivative of -5*w**3/6 - 2*w**2 + 3*w. Is o(-8) a multiple of 18?
True
Let a = -64 - -117. Let f = a - 1. Is 22 a factor of f?
False
Suppose 0*w = -w + 25. Is 7 a factor of w?
False
Suppose -3*c = 2*z - 67, 0*z + 2*z = c - 17. Let f = 1 + c. Is 8 a factor of f?
False
Let t = 9 - 15. Is 144/(-56)*28/t a multiple of 4?
True
Suppose 12 = o + 2*o, 5*b - 76 = o. Is b a multiple of 8?
True
Let s(d) be the second derivative of 2*d**3/3 - 6*d**2 + 2*d. Suppose -2*k + 2*u + 7 + 15 = 0, -41 = -4*k + 3*u. Does 8 divide s(k)?
False
Suppose 4 + 20 = 4*i. Suppose j = i*j - 100. Is j a multiple of 10?
True
Suppose -2*b - d + 9 = -6*d, 4*d - 18 = -2*b. Suppose -b*m + 16 = -3*m. Suppose 0 = v - m*l - l - 41, 0 = 4*v + 3*l - 49. Does 8 divide v?
True
Let m = 70 - 14. Is 7 a factor of m?
True
Let k be 26/(-3)*(-6)/4. Let y(q) = q**3 - 12*q**2 - 15*q + 29. Let p be y(13). Suppose -k = -s + p. Is s a multiple of 16?
True
Suppose 5*s = -14 + 279. Let k = -27 + s. Does 7 divide k?
False
Let f(r) = 3*r**3 - 4*r**2 - 3. Does 17 divide f(4)?
False
Let c(b) = 2*b**2 + 7*b - 2. Suppose -12 = 2*q + l, 2*l - 1 = q - 0*l. Does 5 divide c(q)?
False
Let z(o) = o**3 - o + 75. Let k be z(0). Suppose 168 = -5*c - 27. Let a = k + c. Does 18 divide a?
True
Does 16 divide (-118)/(-1) + (3 - 0) + -7?
False
Is 20 a factor of 138/7 + ((-35)/49 - -1)?
True
Suppose 3*p - 65 = -14. Does 5 divide p?
False
Let u = -8 - -16. Does 8 divide u?
True
Let b = 5 - 2. Suppose -6 = -b*h - 0*h. Let d = 25 - h. Is d a multiple of 11?
False
Suppose -f - 3 - 20 = 5*u, 0 = -4*u + 2*f - 10. Let w = 6 + u. Is w a multiple of 2?
True
Let m be 90/8 - (-2)/(-8). Let k = 20 - m. Is 7 a factor of 6/k + 37/3?
False
Let q(t) = 204*t - 44. Let i(z) = -37*z + 8. Let m(s) = -28*i(s) - 5*q(s). Let g be m(-3). Is 10 a factor of ((-1)/(-2))/((-2)/g)?
False
Let u(t) = -t**3 - 2*t**2 + 2*t + 1. Let s be u(-2). Does 18 divide s + 1 + 456/12?
True
Is 15 a factor of (-3471)/(-45) - 2/15?
False
Let u(p) = -76*p - 2. Let i be u(-1). Suppose -q + 3*h + 74 = 0, -q - h - h = -i. Is 21 a factor of q?
False
Let n(i) = -1 - i + 4 + 0*i + 4*i. Is n(3) a multiple of 6?
True
Suppose -6*w = -7*w + 40. Does 20 divide w?
True
Let u(i) = 18*i**2 + i - 1. Let h(g) = 6*g**2 + 7*g + 1. Let y(w) = -5*w**2 - 6*w - 1. Let c(v) = -4*h(v) - 5*y(v). Let t be c(-2). Does 9 divide u(t)?
True
Let j(s) = s**2 + 3*s + 9. Is j(-5) a multiple of 7?
False
Let p = -7 - -7. Is 14 a factor of 1*27 - (p + 1)?
False
Let y be (-1)/(-1 + (-24)/(-26)). Is 10 a factor of (2 + y - -2)*1?
False
Let z = -37 + 61. Let w be (-7)/4*1*-4. Suppose -2*j + 5*x = -z, 3*j - w*x = -2*x + 31. Is 4 a factor of j?
False
Suppose -3*w + 2 = -7. Suppose w*x - 43 = v, -3*v = x - 11 - 0. Is x a multiple of 6?
False
Let r(g) = -g**2 - g + 2. Let c be r(-2). Let q(n) = 3 - n**3 + c*n**2 - n + 4*n**2 - 1. Is 6 a factor of q(3)?
False
Let s(m) = -m**3 - m**2 + m + 14. Is s(0) a multiple of 6?
False
Suppose -l = 5*b - 4 - 80, -b + 19 = -2*l. Is (18/6)/(1/b) a multiple of 17?
True
Suppose o - 6 = -4. Suppose 0 = 3*j + 12, 3*k - o*j = -3*j + 26. Does 5 divide k?
True
Let a(l) be the second derivative of l**4/6 - 2*l**3 - 5*l**2 - 5*l. Is 13 a factor of a(9)?
False
Let f(j) be the third derivative of -j**6/120 - j**5/15 - j**4/8 + j**3/3 + 3*j**2. Let v be f(-3). Is 6 a factor of 16*(6/(-4) + v)?
False
Suppose 0 = 2*i + 5*u - 300, 3*u - 296 - 473 = -5*i. Let x = i + -108. Does 12 divide x?
False
Let b be (-1614)/(-9) + 6/9. Suppose -4*x = x - b. Is 18 a factor of x?
True
Let h(g) = 5*g**2 - 2*g - 3. Let y be h(6). Is 13 a factor of y/6 - (-6)/(-4)?
True
Let v(n) = -n - 3. Let d be v(-7). Let t = d - 6. Is 5 a factor of (t - -1) + -1 + 12?
True
Suppose -4*l + 2 = -r, -4*r + 0*l = 2*l - 10. Suppose r*v - 12 = -0. Let o = 0 + v. Is 3 a factor of o?
True
Let f(r) = 89*r - 3. Let g be f(3). Suppose -x = 2*u - 41, g - 95 = 5*x - 2*u. Suppose -5*p + 70 = 5*q, -4*q + x = 3*p - 19. Is q a multiple of 12?
True
Suppose -957 = -6*i - 327. Is i a multiple of 21?
True
Let x(j) = -j**2 + 4*j - 1. Let f be x(4). Let s(t) = t - 5. Let i be s(8). Is 5 a factor of ((i - 12) + 0)*f?
False
Suppose -r - n + 9 + 25 = 0, -r + 40 = -5*n. Is 5 a factor of r?
True
Let r(o) = -37*o**2 + 3*o + 5. Let q(j) = -36*j**2 + 2*j + 4. Let a(u) = -4*q(u) + 3*r(u). Is a(1) a multiple of 20?
False
Let h = 533 - 335. Is h a multiple of 18?
True
Suppose -11*w = -9*w - 210. Is (72/54)/(2/w) a multiple of 18?
False
Let p be (-4 + 3)*(2 - 69). Suppose -3*j + 14 = -p. Is 8 a factor of j?
False
Suppose 0 = -2*w + 131 - 31. Is w a multiple of 10?
True
Suppose 4*d = 37 + 107. Suppose 0*a + a - 11 = w, -2*w - d = -4*a. Let g(p) = 4*p - 9. Is 13 a factor of g(a)?
False
Suppose 3*d - 2*d = 5*y - 268, -3*y - 3*d = -168. Is y a multiple of 9?
True
Let c(w) = -w**3 + w**2 - w + 42. Is c(0) a multiple of 9?
False
Let a = 32 - -2